h + x = n. Calculate the highest common divisor of n and 14.
2
Let c = 564 - 406. Suppose 31*k - c = 90. What is the greatest common divisor of k and 132?
4
Let t = -2215 - -2227. What is the greatest common factor of 5844 and t?
12
Let i = -93 - -100. Let v(n) = -n**2 + 2*n + 11. Let z be v(i). Let m be (-202)/(-10) - z/30. What is the greatest common divisor of m and 105?
21
Let a = 3 - -1. Let d(x) = -14*x - 338. Let s be d(-35). Suppose s = 3*f - 2*r, 4*f - 18*r + 17*r = 206. What is the greatest common divisor of f and a?
4
Let s = 298 - 1. Suppose 5*o - 7*o + 4 = 0. Suppose 2*t = -4*y + 7*t + 113, -2*t = o. What is the highest common divisor of s and y?
27
Let y be (8/(-2))/((-2)/124). Let c(j) = 3338*j - 40048. Let t be c(12). Calculate the highest common factor of t and y.
8
Let d be 269/3 - 295/177. Let w = -63 + 96. What is the greatest common divisor of w and d?
11
Let o(m) = -m**3 - 24*m**2 - 147*m + 9. Let k be o(-8). What is the greatest common divisor of 560 and k?
7
Suppose 4*z = 38 + 22. Suppose z*s - 14*s + 74 = 0. Let f = 46 - s. Calculate the highest common divisor of f and 40.
40
Let b(h) = 33*h - 306. Let s be b(27). What is the highest common divisor of 180 and s?
45
Let o be (240/(-7))/((28/3773)/(-2)). Suppose 51*i = 29*i + o. What is the greatest common factor of i and 24?
12
Suppose -5*k - 10 = n - 33, -4*n - 3*k + 41 = 0. Suppose -n*i = -12*i + 36. Suppose -c - 80 = -i*c. What is the highest common divisor of 30 and c?
10
Suppose -27*h + 615 = -22*h. Suppose 35 - h = -4*n. Suppose 2*q = -5*c + 38, -2*c - 2*c = q - n. What is the greatest common factor of q and 70?
14
Let i(u) = -u + 6. Let a be i(-6). Let q be (-1072)/(-1608) - (-1148)/6. What is the highest common factor of q and a?
12
Let c be (722/(-19))/(-152) - (-24939)/4. What is the greatest common divisor of c and 10?
5
Suppose 4*l - 4*n + 18 - 86 = 0, l - 21 = 2*n. What is the highest common divisor of l and 1313?
13
Suppose -c + 75 = -a, -519*a = 5*c - 520*a - 395. Calculate the highest common divisor of 1690 and c.
10
Suppose 3*t + 22*y - 18*y - 53 = 0, 31 = t - 2*y. What is the greatest common divisor of 6233 and t?
23
Let s = 301 - 241. Let u be 108/15 + 4/s*-3. What is the greatest common divisor of u and 245?
7
Let g be 74/(-555) + 2194/30. Suppose 11*x - 183 + g = 0. What is the greatest common factor of 45 and x?
5
Let x(q) = q**2 - q + 52. Let v = -230 + 148. Let n = v - -82. Let m be x(n). What is the highest common divisor of m and 260?
52
Suppose -70*t - 1872 = -2572. Suppose -2*z = 3*f - 836, -5*z + 0*z = f - 270. Calculate the greatest common divisor of f and t.
10
Let s(m) = 44 + 303*m - 152*m - 5 - 161*m. Let u be s(3). Suppose -8 + 44 = 2*k. Calculate the highest common divisor of u and k.
9
Suppose -5*f = 5*n + 370 - 1250, -4*f + 1226 = 7*n. Calculate the highest common factor of 58 and n.
58
Let c(x) = -389*x + 8. Let z be c(-2). Let o = -773 + z. Let s(k) = -9*k - 6. Let p be s(-5). What is the highest common factor of o and p?
13
Let j(x) = x**2 - 5*x. Let k be j(-7). Let b be (11 + -32)*(-2)/7. Calculate the greatest common factor of k and b.
6
Suppose 0 = 6*t - 2*t - 3*g + 6*g - 12912, 0 = -3*g. What is the highest common factor of t and 12?
12
Let a(w) = -w**3 + 24. Let g be a(0). Let u = -25 + 27. Let o be (-3 + u - -1) + 16. What is the greatest common factor of o and g?
8
Let h = 5 - -62. Let z = h - -15. Suppose -8*t + 586 - z = 0. Calculate the highest common factor of 7 and t.
7
Let t be 2123/143 - (-42)/273. Calculate the greatest common divisor of 2515 and t.
5
Let u be (-3136)/84*270/(-21). Calculate the highest common divisor of 360 and u.
120
Let n = -8258 + 8698. Let q(o) = 10*o. Let a be q(4). What is the highest common factor of n and a?
40
Let j(y) = -y**3 - 10*y**2 - 12*y + 18. Let k be j(-9). What is the highest common factor of k and 5085?
45
Suppose 60*s + 1726 = -47*s + 6006. Calculate the greatest common factor of s and 1055.
5
Let d be (-2)/(-17) + 6/(-51) + 65. Let s be 9/(72/(-8)) + 1*53. Calculate the greatest common factor of d and s.
13
Let q(i) be the third derivative of i**4/3 + i**3/6 + i**2. Let x be q(2). Let o = 2314 - 2161. What is the highest common factor of o and x?
17
Let p = 20 + 40. Suppose 4*m = -k + 52, 0 = -k + 2*m + 2*m + 68. What is the highest common divisor of k and p?
60
Let u be 12/(-30)*(2/8 + (-3603)/12). Let y be 5/3*(-3 - -27). Calculate the highest common divisor of y and u.
40
Let d = 55463 + -39548. Calculate the greatest common divisor of 30 and d.
15
Suppose f - 809 = -2*v, -7*f = -8*f - v + 804. Calculate the greatest common divisor of f and 51.
17
Suppose -14*l = -158*l + 11520. Suppose 0 = -t + a + 178, -2*a - a = 5*t - 922. Let k = t - l. Calculate the greatest common factor of 34 and k.
34
Suppose -4*t - 57 - 3 = 0. Let u(q) = 5*q**2 + 38*q + 21. Let p be u(t). Let y = -384 + p. Calculate the greatest common factor of 24 and y.
24
Suppose -3*f - 3*n + 8367 = 0, -133*f + 137*f - 11149 = 3*n. Calculate the highest common divisor of 820 and f.
164
Suppose n + 153 = -116. Let k = n - -581. Suppose -47*f + 1488 = 15*f. Calculate the highest common divisor of k and f.
24
Let a(y) = 6*y**3 + y**2 - y + 4. Let h be a(3). Suppose -126 = -m - 318*s + 315*s, 2*m - s - 259 = 0. Calculate the highest common divisor of m and h.
43
Let x = 12338 - 12164. What is the greatest common divisor of 66 and x?
6
Suppose -9*a + 2355 = -48*a + 9180. Suppose 6 + 414 = 4*p. What is the highest common factor of p and a?
35
Let y be 1674 + (-52)/(-13) + 13. What is the greatest common divisor of y and 19?
19
Let u = 5711 - 5612. Calculate the highest common divisor of 2937 and u.
33
Let m be (9546/6235 - 12/(-174))/(1/30). Suppose -5*t + 865 = -5*q, 4*t - 153 = 3*t - 3*q. Let i = -88 + t. What is the greatest common factor of m and i?
16
Let r be 17 + -1 + -8 + 5. Suppose 0 = -5*j - r*m + 12*m + 618, 0 = -5*m - 10. Calculate the highest common divisor of 12 and j.
4
Let h be 0/(-4 - (-2 + -4)). Suppose h = -4*n + 5*a + 9, a - 6 = -3*n + 4*a. Let k be n + 7 + (-24)/24. Calculate the highest common divisor of 1 and k.
1
Let s = 59 + -54. Suppose -s*d = -0*d + 10, -3*d + 21 = -j. Let k = 54 + j. What is the highest common divisor of k and 9?
9
Suppose 0 = -19*a + 16*a - 8*a + 55451. Calculate the greatest common factor of a and 355.
71
Let i = 439 - 431. Suppose i*p = 14 + 66. Let k = 88 - 63. What is the greatest common divisor of k and p?
5
Let i(o) = -2*o**3 - 2*o**2 - 10*o + 11. Let z be i(2). Let v be 1 + 39/z + 7636/253. Calculate the highest common divisor of v and 20.
10
Suppose 62 + 102 = 41*m. Suppose -4*y - m = -2*u, -3*u - 2*y = 3 - 17. What is the highest common divisor of 38 and u?
2
Let a be 117/(-45) - 2/5. Let c = a + 3. Suppose -3*d = -c*d - 96. What is the greatest common factor of d and 288?
32
Let z be 2/(-10) - (-8)/(-200)*-5. Suppose -17 = 2*q - i - 391, z = -4*q - 4*i + 772. What is the highest common factor of 27 and q?
27
Suppose 7*w = 8*w + 12. Let k = 23 + w. Let x(i) = 28*i - 2. Let j be x(4). Calculate the highest common factor of j and k.
11
Suppose 10*z - 723 = 8*z - j, 2*j = 5*z - 1821. Suppose 4*v + g = 507, -3*v + 5*g = -0*v - z. What is the greatest common factor of 56 and v?
14
Suppose -2*g - 5*h + 4*h + 12 = 0, -4 = -4*g + 3*h. Let y be (26 - -73) + -12 + 37. Calculate the highest common divisor of g and y.
4
Suppose -4*b = g - 223, -28*g + 235 = 5*b - 33*g. Calculate the highest common factor of 708 and b.
6
Let f(u) = -u + 17. Suppose 2*k - 39 = -k. Let g be f(k). Suppose -70 = -8*z + g*z + 5*w, 3*z - 4*w = 53. What is the highest common factor of 75 and z?
15
Let z = 43 - 46. Let g be (2 + 1)/(z/(-51)). Let m = 46 - 12. Calculate the highest common divisor of m and g.
17
Let n be 0*((-4 - -3) + (-2)/(-3)). Suppose n = -m + s + 37 + 20, -183 = -3*m - 3*s. What is the greatest common factor of m and 944?
59
Let r(a) = -59*a**2 - 604*a - 92. Let m be r(-10). Let t be 0 + (1 - 0) + 511. What is the highest common divisor of t and m?
16
Let g(l) = 171*l - 9579. Let o be g(59). Calculate the greatest common factor of o and 120.
30
Suppose -7*f = -4*a - 2*f - 33, -a = -f + 7. Let x be 1/a - 220/(-8). Suppose 14*u + 55 = 27 + 42. Calculate the highest common divisor